 prime?
False
Let c be ((-76)/8)/((-2)/4). Suppose -3*b + c = 4. Suppose b*g - 7*g + 2962 = 0. Is g composite?
False
Suppose -8 = -3*v - 2. Let f be v*(-2)/(4/(-3)). Suppose 0 = -f*p + 3, 5*u - 2*p - 94 = 3109. Is u prime?
True
Suppose 42 = -4*d + s - 7, -2*s - 58 = 5*d. Let c be ((-12)/(-24))/((-2)/(-356)). Let a = d + c. Is a prime?
False
Let f = 6 - 1. Let p be (-10)/((f - 3)/2). Let w(g) = 3*g**2 + 5*g + 1. Is w(p) composite?
False
Let s = -13721 - -40012. Is s a composite number?
True
Let q(s) = s**3 - 20*s**2 + 17*s - 9. Let b = 62 - 42. Is q(b) prime?
True
Suppose -2*t - 3*g = -11899, 2*t - 5106 = 2*g + 6798. Is t composite?
True
Let a be (-4)/18 - 2002/(-18). Let h = a + -79. Suppose -h - 363 = -5*l. Is l a prime number?
True
Let s(g) be the third derivative of -g**7/840 + g**5/120 + 77*g**4/24 + 7*g**3/6 - 6*g**2. Let r(w) be the first derivative of s(w). Is r(0) prime?
False
Suppose 5*g + 138 = -2*m - 2*m, -147 = 5*g + m. Let y = 217 + g. Is y a prime number?
False
Let l(c) = -4 + 390*c**2 - 12*c + 14*c - 6*c. Is l(-3) composite?
True
Let c(k) = -k**2 + 13*k - 8. Suppose 2*y - 4*n = 24, 0*y - 48 = -4*y - 5*n. Let l be c(y). Suppose h + 3*p = -3*h + 629, -l*p = -h + 181. Is h composite?
True
Let w(p) = 93*p**2 + 4*p + 2. Is w(3) prime?
False
Let o be 0*(0 + 3/(-6)). Let i(b) = b**3 + 13*b**2 + 3*b - 1. Let f be i(-10). Suppose -5*y - 3*p + f = o, 4*p = y + 22 - 85. Is y composite?
True
Let s = 4659 + 5986. Is s composite?
True
Suppose 5 = o + 1. Suppose r + 3*k + 37 = 6*r, 0 = -o*r - 5*k. Suppose 24 = -r*i + 219. Is i prime?
False
Is -2*(53151/(-42) + -1 + 6) a prime number?
True
Suppose -5 - 1 = -3*d. Suppose -4*i + 2 = -k - 6, k + d*i = 10. Suppose -136 = -k*v - 0. Is v composite?
True
Let v be 46/8 - 4/(-16). Suppose -5*n - 47 = -v*n. Is n a prime number?
True
Let y = -244 - -258. Let p = 50 - 36. Suppose 2*j = -4*k + p, 3*k = j + j - y. Is j prime?
True
Let h(r) = r - 2. Let a be h(4). Suppose a*m + 4*q + 124 = 4*m, -2*m + 124 = 2*q. Is m prime?
False
Let b(c) = -c - 1. Let n be b(-5). Suppose n*g - 3 = g. Suppose x - g = 162. Is x composite?
False
Is ((-4)/(-6))/((-1)/8793*-6) composite?
False
Suppose 3*k = 10*k. Is (k - (3 - 2)) + 135 a composite number?
True
Suppose 2*z - 7*z = -27835. Is z a prime number?
False
Let w(y) = -18*y. Let m be w(-15). Suppose -199 = -7*q + m. Is q prime?
True
Let v(q) be the third derivative of -q**7/1008 - q**6/360 - q**5/10 + 6*q**2. Let y(c) be the third derivative of v(c). Is y(-9) a prime number?
True
Suppose 7907 = 3*h + 2*c, -5*h + 2*c + 14641 = 1484. Is h a prime number?
True
Let x = -746 + 1360. Let y = 112 - 515. Let a = x + y. Is a a composite number?
False
Let w be 7703 - ((-3)/(-12) + 9/(-4)). Suppose -s = -5*a + 6179 + w, -5*s = -3*a + 8326. Is a composite?
False
Suppose 0*v - v - 384 = 0. Let s = -238 - v. Is s a prime number?
False
Suppose 2*g = 2*a - 2, -a - 5*g + 16 = -g. Suppose -a*y + 2*y = 4, -3*o - y = -331. Is o composite?
True
Let u(v) be the third derivative of -v**5/60 - 7*v**4/24 + 11*v**3/6 - 3*v**2. Let f be u(-8). Suppose 5*s = f*s + 116. Is s prime?
False
Let g = -203663 - -287557. Is g a composite number?
True
Suppose -l = 5 + 7. Let o(y) be the third derivative of -5*y**4/24 + 7*y**3/6 + y**2. Is o(l) a composite number?
False
Let j = 5 - 3. Suppose 0 = -j*i - 2*i. Suppose i = 7*z - 2*z - 415. Is z a composite number?
False
Let p(s) = s + 79. Let q be 3/15 - (-3)/(-15)*1. Is p(q) prime?
True
Let a(r) be the third derivative of r**6/120 + r**5/5 + r**4/2 + 13*r**3/6 - 3*r**2. Let z be a(-11). Suppose 0 = z*b - 3*b + 21. Is b composite?
True
Let t = -133 - -153. Suppose 5*r = t, 4*l - 6*r - 20820 = -4*r. Is l a composite number?
True
Let g = 5495 + -2962. Is g a prime number?
False
Let u = 647 - 350. Let d = u - 159. Suppose -219 - d = -3*y. Is y prime?
False
Suppose -6*y + 2*y + 12 = 0. Suppose 0 = -y*n + 4*o + 61 + 46, 180 = 5*n - 5*o. Is n composite?
False
Let m be -3 + 2228 + 0 + -1. Suppose 4*d - 3*d + 63 = 0. Is m/14 + (-9)/d a composite number?
True
Let a be 9/(-12) + 3/4. Suppose -6*b + 1014 = -a*b. Is b composite?
True
Suppose m = -4*m + 25. Suppose -4*l + m*f = -22339, 4 + 5 = -3*f. Is l a composite number?
False
Let o = -46 + 51. Suppose 4*h + 3*x - 434 = 327, 4*x = -o*h + 951. Is h a prime number?
True
Let t be 2/11 - (-448)/(-44). Is 2/10 - 4028/t composite?
True
Let k(u) = -151*u**2 - 4*u - 8. Let p(i) = 152*i**2 + 3*i + 7. Let y(l) = 4*k(l) + 5*p(l). Is y(-2) composite?
True
Let o = 2 - 3. Let j be 702 + o + (-5)/(-5). Suppose -3*q + j = -9. Is q prime?
False
Suppose -n + 15 = 1. Let p(b) = 3 - 3*b - 3*b - n*b. Is p(-4) a composite number?
False
Suppose -30*g + 7 = -31*g. Is (-8)/28 + (-7548)/g + 3 a prime number?
False
Let j = -1895 - -3009. Is j a prime number?
False
Let p = 6658 - -7465. Is p prime?
False
Suppose -4*o - w = -3 - 8, 0 = -w - 5. Suppose 0 = 2*s + k - 1484, k + 2974 = o*s - 0*k. Is s a prime number?
True
Suppose -8*s + 518975 = 17*s. Is s composite?
False
Let t = -6 - -8. Suppose 2*a + t*c = -22 + 90, a - 3*c - 54 = 0. Is 5805/a - 2/(-13) prime?
True
Let x(c) = 753*c + 28. Is x(11) a composite number?
False
Is 5*-1 + (-9 + -1 - -1262) prime?
False
Let z(o) = o**3 + 11*o**2 + 11. Let m be z(-11). Let l(g) = g**3 + g**2 - 5*g + 2. Is l(m) prime?
True
Let d(w) be the first derivative of -3*w**4/4 + 5*w**3/3 - 4*w**2 + 11*w + 38. Is d(-6) a composite number?
False
Let c be 4/8 + (-12)/(-8). Suppose b = c*q - 226, 0 = 5*q - 6*q - 5*b + 135. Suppose -3*n = -q - 302. Is n composite?
False
Is (1 + 177)*29/58 composite?
False
Is 2 + 21/56 + (-105087)/(-24) a prime number?
False
Suppose 3*i + 28 = 4*v, i + 5 + 11 = 3*v. Let b(p) = 7*p**2 - 6*p + 9. Is b(v) a prime number?
True
Suppose 13 = -4*t - 7. Let y be (-4)/t*(-5)/2. Is 0 + 32 + 1 + y composite?
False
Is 1951 - 2 - 0*(-4)/8 a prime number?
True
Suppose -2*p + 3 + 1 = 0. Is 2 + 66*1/p a composite number?
True
Suppose -52 + 220 = 4*g. Suppose 0 = -3*b + 5*b - g. Suppose b - 65 = -4*h. Is h prime?
True
Let l = -56 + 1323. Is l prime?
False
Let s = 5760 + -899. Is s prime?
True
Is -9 + 1 - 130658/(-2) prime?
False
Is (-185306)/(-55) + 4/(-20) a composite number?
True
Suppose 4*j - q - 388 = j, -q = 4*j - 522. Suppose 0 = -k + j + 107. Suppose -y + k = 2*y. Is y a prime number?
True
Suppose 274*n + 741 = 277*n. Is n a composite number?
True
Suppose -1095057 = -32*x + 57871. Is x prime?
False
Let g(a) = a**3 + 11*a**2 + 4*a - 9. Suppose -2*m + 27 = 7. Suppose m = -20*s + 19*s. Is g(s) prime?
False
Let f = 36 + -32. Suppose -a + 2*h + 536 = -34, h - 1150 = -2*a. Suppose 2 = -i, 0*s = f*s - i - a. Is s prime?
False
Suppose 209 - 650 = 3*r. Let p = r + 458. Is p a prime number?
True
Suppose -5*v = -4*l - 48, 4*v + 7 = -3*l + 64. Suppose -13*m + 237 = -v*m. Is m a composite number?
True
Let s(c) be the first derivative of 74*c**2 - c + 1. Let k(x) = x**2 - 2. Let r be k(2). Is s(r) a composite number?
True
Suppose 4*x + 3*l - 15941 = 0, 2*l = 8*x - 12*x + 15938. Is x a composite number?
True
Let f(w) = -2*w**3 - 3*w**2 + 2*w + 2. Let h be f(7). Let g = 1368 + h. Is g a prime number?
False
Let l(z) be the third derivative of z**4/12 + 19*z**3/6 + 4*z**2. Let y be l(-8). Is -1 + (34 - y) + -4 a composite number?
True
Let h(z) = 215*z + 394. Is h(39) composite?
False
Let n be (-322)/(-56) + (-2)/(-8). Let b = n - 6. Suppose -d + b*v + 255 = v, v = d - 251. Is d a composite number?
True
Let s = -17 - -15. Let p(g) = -246*g + 4. Let d be p(s). Suppose 2*i - d = -5*y, -2*y - 116 - 647 = -3*i. Is i a composite number?
True
Suppose -5*v + 61 = 3*d, v + 4*d = 14 + 5. Let z = v - 3. Suppose 0*r + 184 = z*r. Is r prime?
True
Suppose 22*m + 26192 = 24*m - 2*t, 0 = -5*m - 5*t + 65450. Is m composite?
False
Let y = 23478 + 3151. Is y a composite number?
True
Let x = 3121 - -2398. Is x prime?
True
Let n(s) = 61*s + 4. Let g(p) = -20*p + 3. Let k(i) = 20*i - 2. Let w(j) = 3*g(j) + 4*k(j). Let b(h) = 6*n(h) - 17*w(h). Is b(3) a composite number?
True
Let k(t) = -t**2 + 7*t - 2. Let p be k(5). Let b(n) = n**3 - 7*n**2 + n + 11. Is b(p) composite?
False
Let t be (-18 - -43)*1/(-1). Is (t/5 - -4)/(2/(-1226)) composite?
False
Let w = -37 + 37. Suppose -5*s = -d + 77, w = 5*d + 2*s - 273 - 58. Is d composite?
False
Le